actors of 12928532?
2, 71, 45523
What are the prime factors of 1772650967?
1772650967
What are the prime factors of 3409280515?
5, 17377, 39239
What are the prime factors of 15739291?
23, 179, 3823
List the prime factors of 23981166.
2, 3, 11, 31, 3907
List the prime factors of 407876371.
7, 43, 1355071
List the prime factors of 18324623.
17, 163, 389
What are the prime factors of 10899935?
5, 151, 14437
List the prime factors of 182310232.
2, 13, 1752983
List the prime factors of 174881018.
2, 13, 37, 181789
List the prime factors of 167585693.
11, 29, 67, 7841
What are the prime factors of 33410167?
7, 521, 9161
List the prime factors of 1690470583.
23, 73498721
List the prime factors of 92685683.
17, 43, 103, 1231
List the prime factors of 604385860.
2, 5, 13, 317, 7333
What are the prime factors of 189429024?
2, 3, 89, 22171
What are the prime factors of 24929849?
7, 3561407
List the prime factors of 84819134.
2, 43, 181, 5449
List the prime factors of 436624711.
436624711
What are the prime factors of 459643429?
7, 65663347
List the prime factors of 1182439480.
2, 5, 1747, 16921
What are the prime factors of 19573714?
2, 47, 208231
What are the prime factors of 1978151536?
2, 123634471
List the prime factors of 1441946944.
2, 263, 85667
What are the prime factors of 334058955?
3, 5, 22270597
What are the prime factors of 320514803?
7, 71, 644899
What are the prime factors of 1374191135?
5, 347, 792041
List the prime factors of 1838805198.
2, 3, 2857, 107269
What are the prime factors of 2722447073?
569, 4784617
List the prime factors of 62617350.
2, 3, 5, 19, 127, 173
List the prime factors of 47443927.
6563, 7229
What are the prime factors of 305713520?
2, 5, 7, 545917
List the prime factors of 42921810.
2, 3, 5, 47, 73, 139
List the prime factors of 114175893.
3, 13, 17, 1019
List the prime factors of 247386863.
247386863
List the prime factors of 241991976.
2, 3, 1451, 6949
What are the prime factors of 968596883?
968596883
What are the prime factors of 25175024?
2, 7, 163, 197
List the prime factors of 331922465.
5, 7, 9483499
What are the prime factors of 44185526?
2, 7, 11, 19, 15101
What are the prime factors of 204182066?
2, 11, 9281003
What are the prime factors of 41564516?
2, 7, 179, 8293
List the prime factors of 812025721.
13, 47, 1329011
List the prime factors of 38485144.
2, 17, 61, 4639
What are the prime factors of 518112552?
2, 3, 21588023
List the prime factors of 37014331.
1571, 23561
List the prime factors of 4334928923.
13, 17, 1508851
List the prime factors of 52224281.
52224281
List the prime factors of 1562559787.
181, 8632927
What are the prime factors of 966072195?
3, 5, 11, 19, 59, 1741
List the prime factors of 4014452967.
3, 7, 41, 4662547
What are the prime factors of 78056784?
2, 3, 13, 41, 113
List the prime factors of 1329015268.
2, 7, 19, 547, 4567
List the prime factors of 1098142843.
7, 23, 103, 66221
What are the prime factors of 33050984?
2, 4131373
List the prime factors of 33476256.
2, 3, 11, 10567
List the prime factors of 216104165.
5, 43220833
List the prime factors of 50344251.
3, 79, 212423
List the prime factors of 45042309.
3, 13, 47, 8191
List the prime factors of 60748030.
2, 5, 7, 867829
List the prime factors of 2854027150.
2, 5, 13, 17, 258283
What are the prime factors of 1006304284?
2, 83, 359, 8443
What are the prime factors of 8036247?
3, 2678749
What are the prime factors of 131259881?
263, 389, 1283
List the prime factors of 12988277.
12988277
List the prime factors of 178519188.
2, 3, 97, 103, 1489
What are the prime factors of 91756015?
5, 13, 108587
What are the prime factors of 72359205?
3, 5, 29, 397, 419
List the prime factors of 58326609.
3, 11, 17, 103969
List the prime factors of 19360010.
2, 5, 727, 2663
What are the prime factors of 4071232?
2, 11, 5783
List the prime factors of 176557574.
2, 79, 223, 5011
List the prime factors of 93575386.
2, 46787693
List the prime factors of 934544160.
2, 3, 5, 11, 41, 1439
What are the prime factors of 231624268?
2, 617, 93851
List the prime factors of 60614587.
11, 500947
List the prime factors of 11145205.
5, 2229041
List the prime factors of 48317362.
2, 673, 35897
What are the prime factors of 20350684?
2, 2069, 2459
List the prime factors of 339739611.
3, 17, 29, 89
What are the prime factors of 926692770?
2, 3, 5, 23, 1343033
List the prime factors of 3699164231.
7, 587, 900259
What are the prime factors of 52403233?
1201, 43633
List the prime factors of 6895147878.
2, 3, 17, 47, 479429
What are the prime factors of 74859048?
2, 3, 11, 31, 3049
What are the prime factors of 49704802?
2, 7, 607, 5849
What are the prime factors of 34814903?
2281, 15263
What are the prime factors of 105704184?
2, 3, 4404341
What are the prime factors of 257792788?
2, 11, 5858927
What are the prime factors of 752296278?
2, 3, 101, 1241413
List the prime factors of 15871517.
19, 293, 2851
List the prime factors of 3228761385.
3, 5, 233, 102647
What are the prime factors of 64717145?
5, 12943429
List the prime factors of 345472085.
5, 7, 977, 10103
List the prime factors of 141999273.
3, 13, 367, 3307
What are the prime factors of 929476042?
2, 11, 29, 47, 139, 223
List the prime factors of 803971146.
2, 3, 11, 12181381
List the prime factors of 103346951.
103346951
List the prime factors of 518483627.
37, 1301, 10771
What are the prime factors of 30135086?
2, 15067543
List the prime factors of 509645721.
3, 13, 19, 53, 683
List the prime factors of 137419974.
2, 3, 7634443
What are the prime factors of 16396092?
2, 3, 17, 73, 367
What are the prime factors of 588765564?
2, 3, 619, 8807
What are the prime factors of 612321015?
3, 5, 40821401
List the prime factors of 283119447.
3, 13, 558421
List the prime factors of 556944781.
556944781
What are the prime factors of 16288202?
2, 7, 487, 2389
List the prime factors of 85789107.
3, 9532123
What are the prime factors of 45672200?
2, 5, 7, 17, 19, 101
What are the prime factors of 68285049?
3, 7, 41, 79309
What are the prime factors of 2302996649?
3533, 651853
List the prime factors of 15295728.
2, 3, 7, 45523
List the prime factors of 3923700112.
2, 4073, 60209
List the prime factors of 77434963.
59, 1061, 1237
What are the prime factors of 1062219760?
2, 5, 7, 191, 9931
List the prime factors of 239912193.
3, 31, 67, 139, 277
List the prime factors of 381394923.
3, 7, 13, 19, 73529
List the prime factors of 2244107.
29, 77383
List the prime factors of 930609172.
2, 17, 199, 68771
What are the prime factors of 521414101?
13, 37, 443, 2447
What are the prime factors of 44557945?
5, 19, 469031
List the prime factors of 23906895.
3, 5, 41, 38873
What are the prime factors of 1353722559?
3, 7, 373, 3527
What are the prime factors of 180130759?
17, 10595927
List the prime factors of 115163750.
2, 5, 13, 19, 373
List the prime factors of 272190326.
2, 23, 5917181
What are the prime factors of 3759757232?
2, 7, 11, 3051751
What are the prime factors of 60196779?
3, 17, 29, 13567
List the prime factors of 53585279.
11, 53, 107, 859
What are the prime factors of 355109857?
23, 499, 30941
What are the prime factors of 2107161?
3, 7, 11149
List the prime factors of 104046181.
23, 4523747
What are the prime factors of 6908750724?
2, 3, 127, 4533301
What are the prime factors of 2570113187?
31, 82906877
What are the prime factors of 1885162994?
2, 11, 13, 6591479
List the prime factors of 3341211799.
173, 401, 48163
What are the prime factors of 281043368?
2, 35130421
List the prime factors of 107688856.
2, 11, 43, 149, 191
List the prime factors of 8085952163.
8085952163
List the prime factors of 125849299.
29, 73, 59447
What are the prime factors of 867999706?
2, 7, 313, 198083
What are the prime factors of 43519268?
2, 13, 43, 19463
What are the prime factors of 343523937?
3, 29, 3948551
List the prime factors of 19861464.
2, 3, 7, 16889
What are the prime factors of 36538738?
2, 18269369
What are the prime factors of 392128722?
2, 3, 349, 20807
List the prime factors of 1406946519.
3, 11, 14211581
List the prime factors of 167574357.
3, 19, 269, 3643
What are the prime factors of 331796341?
331796341
List the prime factors of 1395307356.
2, 3, 83, 157, 8923
List the prime factors of 36417865.
5, 11, 6621